{"id":3,"date":"2023-02-15T11:25:26","date_gmt":"2023-02-15T10:25:26","guid":{"rendered":"http:\/\/www.grupposedici.com\/?page_id=3"},"modified":"2023-02-23T16:29:30","modified_gmt":"2023-02-23T15:29:30","slug":"privacy-policy","status":"publish","type":"page","link":"https:\/\/www.grupposedici.com\/?page_id=3","title":{"rendered":"\u201cPRIVACY POLICY\u201d e COOKIES (ai sensi D. Lgs.196\/2003)"},"content":{"rendered":"\n<h2 class=\"wp-block-heading\"><strong>PRIVACY POLICY PER I VISITATORI DEL SITO<\/strong><\/h2>\n\n\n\n<p>La presente Privacy Policy ha lo scopo di descrivere le modalit\u00e0 di gestione di questo sito, in riferimento al trattamento dei dati personali degli utenti\/visitatori che lo consultano. Si tratta di un\u2019informativa che \u00e8 resa anche ai sensi dell\u2019art. 13 del D. Lgs. 196\/03 &#8211; Codice in materia di protezione dei dati personali \u2013 a coloro che si collegano al sito web di propriet\u00e0 di GRUPPO S.EDI.C.I. srl e usufruiscono dei relativi servizi web a partire dall&#8217;indirizzo www.grupposedici.com. L\u2019informativa \u00e8 resa soltanto per il sito sopra menzionato e non anche per altri siti web eventualmente consultati dall\u2019utente tramite appositi link. GRUPPO S.EDI.C.I. srl garantisce il rispetto della normativa in materia di protezione dei dati personali (D. Lgs. 196\/03). Gli utenti\/visitatori dovranno leggere attentamente la presente Privacy Policy prima di inoltrare qualsiasi tipo di informazione personale e\/o compilare qualunque modulo elettronico presente sul sito stesso.<\/p>\n\n\n\n<h2 class=\"wp-block-heading\"><strong>TIPOLOGIA DI DATI TRATTATI E FINALIT\u00c0 DEL TRATTAMENTO<\/strong><\/h2>\n\n\n\n<p>1) Dati di navigazione<br>I sistemi informatici e le procedure software preposte al funzionamento di questo sito possono acquisire, nel normale esercizio, alcuni dati personali che vengono poi trasmessi implicitamente nell\u2019uso dei protocolli di comunicazione Internet. Si tratta di informazioni che non sono raccolte per essere associate a interessati identificati, ma che per loro stessa natura potrebbero, attraverso elaborazioni e associazioni con dati detenuti da terzi, permettere di identificare gli utenti. In questa categoria di dati rientrano gli indirizzi IP o i nomi a dominio dei computer utilizzati dagli utenti che si connettono al sito, gli indirizzi in notazione URI (Uniform Resource Identifier) delle risorse richieste, l\u2019orario della richiesta, il metodo utilizzato nel sottoporre la richiesta al server, la dimensione del file ottenuto in risposta, il codice numerico indicante lo stato della risposta data dal server (buon fine, errore, ecc.) ed altri parametri relativi al sistema operativo e all\u2019ambiente informatico dell\u2019utente. Questi dati vengono utilizzati al solo fine di ricavare informazioni statistiche anonime sull\u2019uso del sito e per controllarne il corretto funzionamento e vengono cancellati immediatamente dopo l\u2019elaborazione. I dati potrebbero essere utilizzati per l\u2019accertamento di responsabilit\u00e0 in caso di ipotetici reati informatici ai danni del sito: salva questa eventualit\u00e0, i dati sui contatti web non persistono per pi\u00f9 di sette giorni.<\/p>\n\n\n\n<p>2) Dati forniti volontariamente dagli utenti\/visitatori<br><strong>In questo sito NON vengono richiesti dati personali<\/strong>.<\/p>\n\n\n\n<p>3) Cookies<br><strong>Non viene fatto uso di cookies per la trasmissione di informazioni di carattere personale<\/strong>, n\u00e9 vengono utilizzati c.d. cookies persistenti di alcun tipo, ovvero sistemi per il tracciamento degli utenti. L\u2019eventuale uso di c.d. cookies di sessione (che non vengono memorizzati in modo persistente sul computer dell\u2019utente e svaniscono con la chiusura del browser) \u00e8 strettamente limitato alla trasmissione di identificativi di sessione (costituiti da numeri casuali generati dal server) necessari per consentire l\u2019esplorazione sicura ed efficiente del sito. I c.d. cookies di sessione utilizzati in questo sito evitano il ricorso ad altre tecniche informatiche potenzialmente pregiudizievoli per la riservatezza della navigazione degli utenti e non consentono l\u2019acquisizione di dati personali identificativi dell\u2019utente. Vengono altres\u00ec utilizzati cookie di funzionalit\u00e0 che permettono all\u2019utente la navigazione in funzione di una serie di criteri selezionati (ad esempio, la lingua) al fine di migliorare il servizio reso allo stesso. L\u2019utilizzo di tali cookie (di prima o terza parte) \u00e8 indispensabile per il corretto funzionamento di un sito web e dei servizi legati agli stessi siti (ad esempio login o accesso alle funzioni riservate nei siti). Per l\u2019installazione di tali cookie non \u00e8 richiesto il preventivo consenso degli utenti.<\/p>\n","protected":false},"excerpt":{"rendered":"<p>PRIVACY POLICY PER I VISITATORI DEL SITO La presente Privacy Policy ha lo scopo di descrivere le modalit\u00e0 di gestione di questo sito, in riferimento al trattamento dei dati personali degli utenti\/visitatori che lo consultano. Si tratta di un\u2019informativa che \u00e8 resa anche ai sensi dell\u2019art. 13 del D. Lgs. 196\/03 &#8211; Codice in materia [&hellip;]<\/p>\n","protected":false},"author":1,"featured_media":0,"parent":0,"menu_order":0,"comment_status":"closed","ping_status":"closed","template":"","meta":{"footnotes":""},"class_list":["post-3","page","type-page","status-publish","hentry"],"_links":{"self":[{"href":"https:\/\/www.grupposedici.com\/index.php?rest_route=\/wp\/v2\/pages\/3","targetHints":{"allow":["GET"]}}],"collection":[{"href":"https:\/\/www.grupposedici.com\/index.php?rest_route=\/wp\/v2\/pages"}],"about":[{"href":"https:\/\/www.grupposedici.com\/index.php?rest_route=\/wp\/v2\/types\/page"}],"author":[{"embeddable":true,"href":"https:\/\/www.grupposedici.com\/index.php?rest_route=\/wp\/v2\/users\/1"}],"replies":[{"embeddable":true,"href":"https:\/\/www.grupposedici.com\/index.php?rest_route=%2Fwp%2Fv2%2Fcomments&post=3"}],"version-history":[{"count":3,"href":"https:\/\/www.grupposedici.com\/index.php?rest_route=\/wp\/v2\/pages\/3\/revisions"}],"predecessor-version":[{"id":270,"href":"https:\/\/www.grupposedici.com\/index.php?rest_route=\/wp\/v2\/pages\/3\/revisions\/270"}],"wp:attachment":[{"href":"https:\/\/www.grupposedici.com\/index.php?rest_route=%2Fwp%2Fv2%2Fmedia&parent=3"}],"curies":[{"name":"wp","href":"https:\/\/api.w.org\/{rel}","templated":true}]}}